ime factors of m.
2, 5, 7
Let m = 198 + 329. What are the prime factors of m?
17, 31
Suppose 0 = 5*l + 5*y + 40, -2*l - 3*l = -y + 64. Let v(r) = -r**2 + 17*r - 59. Let s be v(12). Let f = s - l. List the prime factors of f.
13
Let z(r) = 169*r**2 + 3*r + 59. List the prime factors of z(-6).
5, 7
Let m(a) be the second derivative of 9*a**3/2 - 3*a**2/2 + 5*a. Let f be m(-2). Let n = f - -85. What are the prime factors of n?
2, 7
Let h(q) be the first derivative of 2*q**2 - q - 3. List the prime factors of h(8).
31
Suppose 2*l + 114 = 4*o + o, 258 = -5*l - o. Let k = 99 + l. List the prime factors of k.
47
Suppose -117*p + 3054 = -114*p. What are the prime factors of p?
2, 509
Let s(z) = -4*z**2 - z + 6. Let u be s(3). Let l = 52 + u. List the prime factors of l.
19
Let o(i) = -7*i - 3. Let t(w) be the third derivative of -5*w**4/8 - w**3 + 4*w**2. Let p(c) = -5*o(c) + 3*t(c). List the prime factors of p(-3).
3
Let w = 9 - 9. Suppose l - 3*d + 12 = w, 0 = 2*d - 0*d - 8. Suppose t - 3*t + 34 = l. List the prime factors of t.
17
Let l(f) be the third derivative of -f**5/60 - 13*f**4/24 - 5*f**3/6 - 3*f**2. Let o be (-80)/32 - 38/4. List the prime factors of l(o).
7
Let n(j) = -j**2 + 10*j + 11. Suppose -3*y + 1 = -2*h + 29, -3*h + 37 = -2*y. Let r be n(h). List the prime factors of 2 - r - 1 - -2.
3
Suppose -5*y = -2246 - 99. What are the prime factors of y?
7, 67
Suppose 0 = -3*v + 5*t + 1771, 2*v - 1181 = 4*t - t. Suppose -35*z = -31*z - v. List the prime factors of z.
2, 37
Suppose 14*b + 24*b - 39254 = 0. What are the prime factors of b?
1033
Suppose 40849 - 11194 = 15*b. What are the prime factors of b?
3, 659
Let q = -41 + 33. Let h(d) = -d**2 - 14*d + 7. What are the prime factors of h(q)?
5, 11
Let x(f) = -3*f + 8. Let t be x(4). What are the prime factors of (-217)/t + 8/(-32)?
2, 3
Let b = -43 + 41. What are the prime factors of 38/(2/b - (-8)/4)?
2, 19
Let z = -13 - -13. Suppose -2*m = 4*c - 90, m - 6*c + c - 66 = z. Let u = -19 + m. What are the prime factors of u?
2
Let b = 19 + -10. Let r(k) = -k**3 + 9*k**2 + k - 6. Let s be r(b). Suppose 5*l + 4*y - 167 = 0, 4*l = s*y + 156 - 41. What are the prime factors of l?
31
Suppose 0 = -r - r - 4. Let p be 2/r - (2 - -2). Let z = 43 + p. List the prime factors of z.
2, 19
Suppose 4*z - z = 4*r - 31, 5*z = -5. Let c = r - -14. List the prime factors of c.
3, 7
Suppose -3*x + 15 = 4*k - 2*k, -2*x + 10 = 4*k. Suppose -410 = -x*i + 3*i. List the prime factors of i.
5, 41
Let b = 246 - 104. What are the prime factors of b?
2, 71
Let j(n) be the first derivative of -16*n**4 - n**3/3 + n**2 - n - 4. Let x be j(1). Let y = -39 - x. What are the prime factors of y?
5
Let i(x) = -x + 11. Let j(c) = -c + 23. Let n(q) = -11*i(q) + 6*j(q). Suppose -4*h + w + 27 = 0, 5*h + 5*w + 0*w - 40 = 0. List the prime factors of n(h).
2, 13
Suppose -g = -315 - 839. What are the prime factors of g?
2, 577
Let t(d) be the first derivative of d**4/4 - 16*d**3/3 + 8*d**2 - 13*d - 6. Let c be t(15). Suppose 3*a - c*a = 71. List the prime factors of a.
71
Let d(z) = 184*z**2 - 4*z - 1. What are the prime factors of d(-2)?
743
Suppose -2*u + 188 = -144. Suppose 8*l - u = 34. List the prime factors of l.
5
Suppose 4*g - 2*d - 792 = 0, -5*d + 975 = 9*g - 4*g. What are the prime factors of g?
197
List the prime factors of (-423)/90 - -5 - (-17014)/20.
23, 37
Let t(z) = 7*z + 2. Let c be t(2). Suppose -c = -0*v - v. List the prime factors of (v + -1)*2/6.
5
Let w(r) = 43*r - 24. Let j be w(5). Suppose -a + 65 = t, 3*a - 4*a - j = -3*t. List the prime factors of t.
2
Let i = -15 - -15. Suppose 13*d - 10*d - 249 = i. List the prime factors of d.
83
Suppose 2*n - 3*n = -5. Suppose -90 = -n*m + 8*m. Let h = m + 50. List the prime factors of h.
2, 5
Let c(k) = -17*k**3 + 1. Let q be c(-1). Let b = 20 - q. What are the prime factors of (b/4)/(9/252)?
2, 7
Suppose -21 = -2*g - g. Suppose -573 = -g*f - 90. List the prime factors of f.
3, 23
Let b(u) = -5*u - 16. Suppose -5 - 5 = -5*l, -5*g - 20 = -5*l. Let d = -9 + g. What are the prime factors of b(d)?
3, 13
Let a(y) = -y**3 - y**2 + 2*y + 1. Let s be a(-2). Let c = 110 - 102. List the prime factors of 10 + s - 16/c.
3
Let b = -3 + 8. Let g(a) = a**3 - 6*a**2 + 4*a + 5. Let o be g(b). What are the prime factors of o + -1*44/(-2)?
2, 11
Let v(c) be the second derivative of c**5/20 + c**4 + 4*c**3/3 + 13*c**2/2 + 4*c. Let i be v(-11). Suppose 238 - i = 4*d. List the prime factors of d.
2, 3
Let g = -28 - -28. Suppose u + 2 - 23 = g. List the prime factors of (-3)/2*(-266)/u.
19
Let w = 1680 + -568. What are the prime factors of w?
2, 139
Let f(n) = 17*n**2 + 11*n - 8. What are the prime factors of f(-10)?
2, 7, 113
Let o = 1922 + -959. What are the prime factors of o?
3, 107
Let m = 54 + -67. Let r(o) = -13*o - 4. What are the prime factors of r(m)?
3, 5, 11
Let r(p) = -7 + 4*p**2 + p**3 - 9 + 17 + 5*p + 2*p**2 + p**2. Let y = 1 - 4. List the prime factors of r(y).
2, 11
Let v = 0 - -3. Let t be 9 - v*2/(-3). Let r = -8 + t. List the prime factors of r.
3
Suppose 0 = -5*p + 10*p + 60. What are the prime factors of (p/(-7))/((-8)/(-84))?
2, 3
Suppose -5*c = 3*z - 92, 0 = -3*c - z - z + 56. Let u be ((-1)/2*0)/1. Suppose u = -0*x + 2*x - c. List the prime factors of x.
2
Suppose 3*x = -9, 15 + 1 = c - x. Suppose -2*b - c = -37. Suppose 3*y - 7*y + 88 = 2*i, 3*i - b = 0. What are the prime factors of y?
2, 5
Let o = -9 - -38. Let n be 2/(-4) + o/2. What are the prime factors of n/49 + (-136)/(-14)?
2, 5
Let c(r) = 127*r**2 + 4*r - 6. List the prime factors of c(-3).
3, 5
List the prime factors of (-2 + 8/6)*(-5098 - -31).
2, 3, 563
Let i be ((-1)/(-5) + 54/(-45))*0. Suppose i*b + 4*m = 2*b - 74, -4*m - 167 = -5*b. What are the prime factors of b?
31
Let w = 46 - 45. List the prime factors of w - (1718/(-6) - (-14)/(-21)).
2, 3
Suppose -5*y - 3*g + 15600 = 0, -3148 = -2*y + y + 5*g. What are the prime factors of y?
3, 347
Suppose -3*p + 5*m + 1158 = -87, 2*p - 830 = -5*m. Suppose -q = -5*d + 85 + p, 0 = -q. List the prime factors of d.
2, 5
Suppose -3*c - 83 = 7. Let o be 32/20*c/(-4). Suppose -3*w = o, -2*d - 3*w = -9 - 83. List the prime factors of d.
2, 13
Let k = -52 + 55. Suppose -r - 122 = -2*f + 344, -4*f = -k*r - 928. List the prime factors of f.
5, 47
Let o(d) = -d**2 - d. Let t(w) = w**3 - 5*w**2 - 3*w - 4. Let y(c) = -2*o(c) - t(c). List the prime factors of y(7).
3, 13
Suppose 33 - 24 = 3*w. Suppose w*s - 77 = 16. What are the prime factors of s?
31
Let x = -25 + 15. List the prime factors of (-252)/(-90) + (-2)/x.
3
Suppose -4*r = -r - 12. Suppose 0*w = r*w - 1052. Suppose 5*k - w = 7. List the prime factors of k.
2, 3
Let s(p) = p + 3. Let b be s(-6). Let x(d) = 2*d**3 - 5*d**2 - d + 2. Let y be x(b). List the prime factors of (-8)/12 - y/6.
3, 5
Let y = 96 + -94. Suppose 0 = -3*m + 4*m - 65. Suppose -5*z - m = -9*t + 4*t, y*t - 5*z = 32. What are the prime factors of t?
11
Suppose -3*i = 162 - 738. Suppose 3*j = d + 152, 0 = 4*j - 0*j - 4*d - i. List the prime factors of j.
2, 13
Suppose 16*i - 21*i + 60 = 0. Let u = i - -10. Suppose -68 + u = -2*y. What are the prime factors of y?
23
Suppose 18*k - 15*k = 210. Suppose -75*p = -k*p - 620. List the prime factors of p.
2, 31
Let x = -227 - -378. Let b be (-10)/(-6) - (-7)/21. Suppose -4*c - u = -x, b*u - 5*u + 73 = 2*c. List the prime factors of c.
2, 19
List the prime factors of 6*(-3)/153 - (-2654)/17.
2, 3, 13
Let h(l) = -2*l**3 - 3*l**3 - 1 - l**3 + 5*l**3 - l**2 - l. Let b be h(-3). List the prime factors of (12/(-15))/((-2)/b).
2
Let g be ((-18)/7)/((-4)/(1 - -111)). Suppose -2*k + g = -98. List the prime factors of k.
5, 17
Suppose 4*n - 40 = 3*v, -9 = n - 0*v + 4*v. Suppose 6*t = 4*t + 4. List the prime factors of (37 - t) + n + -5.
37
Suppose -4*z = 5*a - 7152, a - 5375 = -22*z + 19*z. List the prime factors of z.
11, 163
Suppose t + 30*f - 168 = 29*f, 3*t + 4*f = 505. List the prime factors of t.
167
Suppose -6*d = -923 + 221. Let i = d + 84. What are the prime factors of i?
3, 67
Suppose -12*k = -10*k, -x + k + 1731 = 0. List the prime factors of x.
3, 577
Suppose 9*j = -5 + 23. Suppose j*w = -w + 18. What are the prime factors of w?
2, 3
Let k(d) = 11 + 0*d + 10*d + 3*d**2 + 4*d. List the prime factors of k(